 base 14.
180
-87 (base 10) to base 9
-106
Convert -1101010001 (base 2) to base 6.
-3533
-74a (base 14) to base 15
-65d
153342 (base 6) to base 12
8852
What is 1001000101110010 (base 2) in base 13?
13c42
-1201120 (base 3) to base 8
-2351
-63604 (base 7) to base 5
-1000413
Convert -4214 (base 6) to base 13.
-57a
What is 5388 (base 9) in base 13?
1a63
What is -162621 (base 7) in base 9?
-48156
Convert 7c3 (base 14) to base 8.
3007
-132303 (base 4) to base 16
-7b3
Convert 10132322 (base 4) to base 7.
104351
What is 646 (base 9) in base 5?
4103
10665 (base 10) to base 13
4b15
-11000100001111 (base 2) to base 14
-4811
What is dd4 (base 16) in base 13?
17c4
What is 112211 (base 3) in base 12?
294
Convert -bb6a (base 12) to base 10.
-20674
Convert 3102034 (base 5) to base 11.
3484a
Convert -1040 (base 5) to base 2.
-10010001
Convert -111101011 (base 2) to base 5.
-3431
-1100112201 (base 3) to base 13
-c184
4021 (base 8) to base 11
1608
101210203 (base 4) to base 9
118647
2884 (base 10) to base 8
5504
Convert 100011000 (base 2) to base 13.
187
Convert -2557 (base 9) to base 12.
-1137
-4f29 (base 16) to base 6
-233453
10212012 (base 3) to base 6
21005
What is -3620 (base 15) in base 13?
-5310
What is 345 (base 15) in base 7?
2105
What is 36a (base 16) in base 8?
1552
Convert -8b15 (base 12) to base 9.
-23138
Convert 2491 (base 15) to base 16.
1e6a
Convert -542 (base 12) to base 4.
-30002
What is -3263 (base 7) in base 11?
-976
Convert -1313 (base 6) to base 4.
-11031
-261 (base 10) to base 8
-405
What is 20200113 (base 4) in base 13?
12b1c
What is -4cb1 (base 13) in base 5?
-322320
-62c (base 15) to base 8
-2560
What is -10001111 (base 3) in base 11?
-1745
440404 (base 5) to base 16
3b00
What is -1574 (base 12) in base 2?
-100111101000
Convert 56365 (base 7) to base 8.
33661
-8c0 (base 16) to base 8
-4300
What is 458 (base 10) in base 16?
1ca
Convert 21122 (base 4) to base 5.
4402
-10272 (base 8) to base 14
-17bc
-3937 (base 16) to base 14
-54a3
What is 10012120210 (base 3) in base 2?
1111011010010000
Convert -8233 (base 12) to base 7.
-56154
2064 (base 7) to base 6
3220
Convert -10000101100000 (base 2) to base 3.
-102201110
What is 101001101110101 (base 2) in base 12?
10445
158a (base 14) to base 4
330012
Convert -20435 (base 6) to base 13.
-1343
Convert 125564 (base 7) to base 2.
101110000111111
What is -1124340 (base 6) in base 5?
-3324040
What is -3253 (base 9) in base 10?
-2397
-819 (base 13) to base 12
-966
Convert -332 (base 10) to base 15.
-172
Convert -996 (base 11) to base 12.
-836
Convert 7617 (base 15) to base 5.
1244442
113033 (base 4) to base 7
4223
Convert -11241 (base 6) to base 13.
-96a
What is 69 (base 12) in base 4?
1101
-614 (base 11) to base 3
-1000110
-5520 (base 6) to base 10
-1272
What is 112112 (base 4) in base 13?
860
-7cb (base 14) to base 12
-a93
What is -102133 (base 4) in base 7?
-3310
What is 233b8 (base 13) in base 4?
33231303
Convert -212312 (base 4) to base 15.
-b0b
What is 3eb (base 15) in base 2?
1110000000
What is 6758 (base 12) in base 5?
331234
Convert -2d68 (base 14) to base 11.
-611a
What is -26463 (base 7) in base 15?
-2186
-72 (base 13) to base 2
-1011101
-1152 (base 16) to base 13
-2031
-4474 (base 10) to base 15
-14d4
-101100100010 (base 2) to base 12
-1796
Convert 13133 (base 4) to base 12.
33b
10020331 (base 4) to base 5
1020312
Convert 1213 (base 7) to base 11.
380
What is 27a (base 12) in base 8?
576
Convert -321 (base 16) to base 13.
-498
Convert 8863 (base 9) to base 16.
1989
What is 3213 (base 5) in base 14?
22d
-3736 (base 13) to base 10
-7819
Convert 1c8 (base 15) to base 10.
413
Convert -666 (base 10) to base 11.
-556
What is -10001000101 (base 2) in base 6?
-5021
Convert 230312 (base 4) to base 7.
11240
-222100 (base 4) to base 8
-5220
Convert -103300 (base 6) to base 11.
-6457
200101101 (base 3) to base 6
142014
Convert 1220101 (base 3) to base 11.
1051
-10595 (base 15) to base 5
-3130030
2a4d (base 15) to base 8
21561
What is -2a07 (base 14) in base 6?
-54303
Convert 145 (base 15) to base 14.
16a
What is -277 (base 9) in base 2?
-11101000
What is c3 (base 14) in base 11?
146
1040 (base 10) to base 14
544
-358 (base 10) to base 13
-217
42523 (base 6) to base 13
2850
670 (base 14) to base 6
5522
What is -373 (base 13) in base 7?
-1516
What is 523 (base 8) in base 3?
110120
27 (base 10) to base 9
30
What is -122002 (base 3) in base 13?
-296
1033 (base 10) to base 4
100021
Convert 1212 (base 5) to base 3.
20202
What is 483 (base 9) in base 3?
112210
What is -12012 (base 4) in base 6?
-1450
What is 53546 (base 7) in base 12?
7855
What is -229a (base 12) in base 8?
-7426
2150 (base 10) to base 14
ad8
20112010 (base 4) to base 14
c656
Convert -2056 (base 9) to base 14.
-79b
What is 101010010001 (base 2) in base 14?
db3
Convert -118741 (base 9) to base 15.
-16531
-17406 (base 12) to base 5
-2032124
-6a8 (base 16) to base 13
-a11
What is -211211111 (base 3) in base 14?
-60cd
What is -9025 (base 12) in base 15?
-493b
Convert -e5a (base 15) to base 10.
-3235
Convert -2c26 (base 14) to base 8.
-17302
Convert 11010001100101 (base 2) to base 3.
200101210
What is 23a (base 15) in base 3?
200201
What is -11011001 (base 2) in base 4?
-3121
-9266 (base 10) to base 11
-6a64
1443 (base 6) to base 8
603
What is -11120130 (base 4) in base 8?
-53034
-3212 (base 10) to base 4
-302030
Convert 5815 (base 13) to base 2.
11000001000011
What is -117 (base 11) in base 16?
-8b
-21055 (base 6) to base 9
-3808
What is 17b (base 13) in base 12?
1a7
What is -202202122 (base 3) in base 13?
-6b75
96aa (base 14) to base 9
38623
Convert -4010 (base 15) to base 14.
-4cd5
-1252 (base 8) to base 15
-307
What is 6716 (base 15) in base 4?
11111112
What is -550 (base 11) in base 6?
-3020
What is 51 (base 10) in base 9?
56
Convert 132031 (base 4) to base 15.
88d
32057 (base 8) to base 10
13359
Convert 6660 (base 8) to base 9.
4723
What is -1202011021 (base 3) in base 15?
-a2bd
What is -a7a (base 11) in base 10?
-1297
What is a75 (base 11) in base 7?
3524
What is 1238 (base 15) in base 11?
2a06
20420 (base 7) to base 8
11624
2622 (base 7) to base 15
466
Convert -2335 (base 15) to base 2.
-1110100110011
What is 401010 (base 5) in base 4?
3011112
Convert 241 (base 16) to base 11.
485
What is 189 (base 15) in base 4?
11202
What is 21432 (base 5) in base 15?
697
Convert -9a6 (base 14) to base 11.
-1487
Convert -a519 (base 15) to base 14.
-ca0b
10644 (base 7) to base 9
3660
What is -2084b (base 13) in base 7?
-332443
Convert 102211 (base 4) to base 6.
5301
Convert 16355 (base 8) to base 2.
1110011101101
What is -73 (base 10) in base 15?
-4d
-4256 (base 8) to base 16
-8ae
What is -10001101010 (base 2) in base 4?
-101222
What is 1875 (base 9) in base 5?
21240
What is 4504 (base 6) in base 8?
2030
Convert -128 (base 14) to base 2.
-11101000
7b93 (base 13) to base 5
1023413
Convert 13b0 (base 12) to base 13.
1074
What is b6b0 (base 12) in base 5?
1120004
-62505 (base 8) to base 2
-110010101000101
Convert 1770 (base 11) to base 7.
6401
-1036 (base 12) to base 5
-24040
Convert -2a3 (base 14) to base 10.
-535
-3517 (base 8) to base 7
-5312
248 (base 15) to base 10
518
What is 13011 (base 4) in base 3?
121210
1010022000 (base 3) to base 7
121251
Convert 489 (base 14) to base 10.
905
1352 (base 6) to base 11
2a4
1131b (base 14) to base 13
16024
Convert 326 (base 8) to base 2.
11010110
What is -1e2c (base 16) in base 5?
-221344
Convert -36 (base 8) to base 9.
-33
What is -1140215 (base 6) in base 2?
-1110100100110011
Convert 246c (base 15) to base 7.
31413
What is 11101 (base 5) in base 9?
1052
What is 41244 (base 6) in base 10?
5500
What is 1e18 (base 15) in base 8?
14624
1062 (base 8) to base 11
471
-255e (base 15) to base 2
-1111100011100
Convert 112433 (base 5) to base 12.
2472
What is -257 (base 15) in base 12?
-384
1100111100011010 (base 2) to base 10
53018
Convert 5a4 (base 13) to base 16.
3d3
What is -51132 (base 6) in base 15?
-2002
373 (base 8) to base 2
11111011
21974 (base 12) to base 14
12368
What is -921 (base 15) in base 13?
-c22
-10066 (base 7) to base 8
-4621
Convert -1151 (base 8) to base 5.
-4432
What is 61a (base 13) in base 9?
1372
Convert -9ba (base 12) to base 9.
-1867
What is -1365 (base 9) in base 16?
-407
774 (base 13) to bas